[INFO] cloning repository https://github.com/jgillich/blockforge-rust
[INFO] running `Command { std: "git" "-c" "credential.helper=" "-c" "credential.helper=/workspace/cargo-home/bin/git-credential-null" "clone" "--bare" "https://github.com/jgillich/blockforge-rust" "/workspace/cache/git-repos/https%3A%2F%2Fgithub.com%2Fjgillich%2Fblockforge-rust", kill_on_drop: false }`
[INFO] [stderr] Cloning into bare repository '/workspace/cache/git-repos/https%3A%2F%2Fgithub.com%2Fjgillich%2Fblockforge-rust'...
[INFO] running `Command { std: "git" "rev-parse" "HEAD", kill_on_drop: false }`
[INFO] [stdout] 5f2b564e9fa1eb6101abded330106fd347a9fe9f
[INFO] checking jgillich/blockforge-rust against master#cfbc6d4cf1acbac5c025acf8ed68929caa551df3 for pr-75494-beta
[INFO] running `Command { std: "git" "clone" "/workspace/cache/git-repos/https%3A%2F%2Fgithub.com%2Fjgillich%2Fblockforge-rust" "/workspace/builds/worker-8/source", kill_on_drop: false }`
[INFO] [stderr] Cloning into '/workspace/builds/worker-8/source'...
[INFO] [stderr] done.
[INFO] validating manifest of git repo https://github.com/jgillich/blockforge-rust on toolchain cfbc6d4cf1acbac5c025acf8ed68929caa551df3
[INFO] running `Command { std: "/workspace/cargo-home/bin/cargo" "+cfbc6d4cf1acbac5c025acf8ed68929caa551df3" "read-manifest" "--manifest-path" "Cargo.toml", kill_on_drop: false }`
[INFO] started tweaking git repo https://github.com/jgillich/blockforge-rust
[INFO] finished tweaking git repo https://github.com/jgillich/blockforge-rust
[INFO] tweaked toml for git repo https://github.com/jgillich/blockforge-rust written to /workspace/builds/worker-8/source/Cargo.toml
[INFO] crate git repo https://github.com/jgillich/blockforge-rust already has a lockfile, it will not be regenerated
[INFO] running `Command { std: "/workspace/cargo-home/bin/cargo" "+cfbc6d4cf1acbac5c025acf8ed68929caa551df3" "fetch" "--locked" "--manifest-path" "Cargo.toml", kill_on_drop: false }`
[INFO] [stderr]     Updating git repository `https://github.com/Ragnaroek/mithril.git`
[INFO] [stderr]  Downloading crates ...
[INFO] [stderr]   Downloaded serde-hjson v0.8.1
[INFO] [stderr]   Downloaded config v0.8.0
[INFO] [stderr]   Downloaded skein-ffi v0.0.1
[INFO] [stderr]   Downloaded env_logger v0.5.10
[INFO] [stderr]   Downloaded jh-ffi v0.0.2
[INFO] [stderr]   Downloaded bandit v0.11.1
[INFO] [stderr]   Downloaded groestl v0.3.0
[INFO] [stderr]   Downloaded blake v2.0.0
[INFO] running `Command { std: "docker" "create" "-v" "/var/lib/crater-agent-workspace/builds/worker-8/target:/opt/rustwide/target:rw,Z" "-v" "/var/lib/crater-agent-workspace/builds/worker-8/source:/opt/rustwide/workdir:ro,Z" "-v" "/var/lib/crater-agent-workspace/cargo-home:/opt/rustwide/cargo-home:ro,Z" "-v" "/var/lib/crater-agent-workspace/rustup-home:/opt/rustwide/rustup-home:ro,Z" "-e" "SOURCE_DIR=/opt/rustwide/workdir" "-e" "CARGO_TARGET_DIR=/opt/rustwide/target" "-e" "CARGO_HOME=/opt/rustwide/cargo-home" "-e" "RUSTUP_HOME=/opt/rustwide/rustup-home" "-w" "/opt/rustwide/workdir" "-m" "1610612736" "--user" "0:0" "--network" "none" "rustops/crates-build-env@sha256:a636fd89d022f18117e1dc8fb37a0a009933cdbbe082814857f0e2024962d47c" "/opt/rustwide/cargo-home/bin/cargo" "+cfbc6d4cf1acbac5c025acf8ed68929caa551df3" "metadata" "--no-deps" "--format-version=1", kill_on_drop: false }`
[INFO] [stderr] WARNING: Your kernel does not support swap limit capabilities or the cgroup is not mounted. Memory limited without swap.
[INFO] [stdout] 76204264a92ab10cc7e252687848916f5a39151c43982e2dced633745b7e1d44
[INFO] running `Command { std: "docker" "start" "-a" "76204264a92ab10cc7e252687848916f5a39151c43982e2dced633745b7e1d44", kill_on_drop: false }`
[INFO] running `Command { std: "docker" "inspect" "76204264a92ab10cc7e252687848916f5a39151c43982e2dced633745b7e1d44", kill_on_drop: false }`
[INFO] running `Command { std: "docker" "rm" "-f" "76204264a92ab10cc7e252687848916f5a39151c43982e2dced633745b7e1d44", kill_on_drop: false }`
[INFO] [stdout] 76204264a92ab10cc7e252687848916f5a39151c43982e2dced633745b7e1d44
[INFO] running `Command { std: "docker" "create" "-v" "/var/lib/crater-agent-workspace/builds/worker-8/target:/opt/rustwide/target:rw,Z" "-v" "/var/lib/crater-agent-workspace/builds/worker-8/source:/opt/rustwide/workdir:ro,Z" "-v" "/var/lib/crater-agent-workspace/cargo-home:/opt/rustwide/cargo-home:ro,Z" "-v" "/var/lib/crater-agent-workspace/rustup-home:/opt/rustwide/rustup-home:ro,Z" "-e" "SOURCE_DIR=/opt/rustwide/workdir" "-e" "CARGO_TARGET_DIR=/opt/rustwide/target" "-e" "CARGO_INCREMENTAL=0" "-e" "RUST_BACKTRACE=full" "-e" "RUSTFLAGS=--cap-lints=forbid" "-e" "CARGO_HOME=/opt/rustwide/cargo-home" "-e" "RUSTUP_HOME=/opt/rustwide/rustup-home" "-w" "/opt/rustwide/workdir" "-m" "1610612736" "--user" "0:0" "--network" "none" "rustops/crates-build-env@sha256:a636fd89d022f18117e1dc8fb37a0a009933cdbbe082814857f0e2024962d47c" "/opt/rustwide/cargo-home/bin/cargo" "+cfbc6d4cf1acbac5c025acf8ed68929caa551df3" "check" "--frozen" "--all" "--all-targets" "--message-format=json", kill_on_drop: false }`
[INFO] [stderr] WARNING: Your kernel does not support swap limit capabilities or the cgroup is not mounted. Memory limited without swap.
[INFO] [stdout] e8f261db068ad9da6708e0e24a340b2c2c3098f1cb417b6dc7e8129b07f6f254
[INFO] running `Command { std: "docker" "start" "-a" "e8f261db068ad9da6708e0e24a340b2c2c3098f1cb417b6dc7e8129b07f6f254", kill_on_drop: false }`
[INFO] [stderr]     Checking nodrop v0.1.12
[INFO] [stderr]    Compiling gcc v0.3.54
[INFO] [stderr]    Compiling typenum v1.10.0
[INFO] [stderr]    Compiling serde v1.0.64
[INFO] [stderr]    Compiling unicode-xid v0.1.0
[INFO] [stderr]     Checking void v1.0.2
[INFO] [stderr]     Checking serde v0.8.23
[INFO] [stderr]     Checking slab v0.4.0
[INFO] [stderr]     Checking memoffset v0.2.1
[INFO] [stderr]     Checking scopeguard v0.3.3
[INFO] [stderr]     Checking ucd-util v0.1.1
[INFO] [stderr]    Compiling crunchy v0.1.6
[INFO] [stderr]     Checking dtoa v0.4.2
[INFO] [stderr]     Checking regex-syntax v0.3.9
[INFO] [stderr]    Compiling regex v1.0.0
[INFO] [stderr]     Checking utf8-ranges v1.0.0
[INFO] [stderr]     Checking matches v0.1.6
[INFO] [stderr]     Checking quick-error v1.2.2
[INFO] [stderr]     Checking linked-hash-map v0.5.1
[INFO] [stderr]     Checking byte-tools v0.2.0
[INFO] [stderr]     Checking termcolor v0.3.6
[INFO] [stderr]     Checking percent-encoding v1.0.1
[INFO] [stderr]     Checking log v0.4.1
[INFO] [stderr]     Checking iovec v0.1.2
[INFO] [stderr]     Checking memchr v0.1.11
[INFO] [stderr]     Checking net2 v0.2.32
[INFO] [stderr]     Checking memchr v1.0.2
[INFO] [stderr]     Checking arrayvec v0.4.7
[INFO] [stderr]     Checking unreachable v1.0.0
[INFO] [stderr]    Compiling proc-macro2 v0.4.4
[INFO] [stderr]     Checking regex-syntax v0.6.0
[INFO] [stderr]     Checking unicode-bidi v0.3.4
[INFO] [stderr]     Checking humantime v1.1.1
[INFO] [stderr]     Checking tokio-timer v0.2.3
[INFO] [stderr]     Checking yaml-rust v0.4.0
[INFO] [stderr]     Checking bytes v0.4.8
[INFO] [stderr]     Checking aho-corasick v0.5.3
[INFO] [stderr]     Checking nom v3.2.1
[INFO] [stderr]     Checking thread-id v2.0.0
[INFO] [stderr]     Checking mio v0.6.14
[INFO] [stderr]     Checking thread_local v0.3.5
[INFO] [stderr]     Checking tiny-keccak v1.4.2
[INFO] [stderr]     Checking crossbeam-epoch v0.4.1
[INFO] [stderr]     Checking thread_local v0.2.7
[INFO] [stderr]     Checking idna v0.1.4
[INFO] [stderr]     Checking tokio-io v0.1.6
[INFO] [stderr]     Checking regex v0.1.80
[INFO] [stderr]    Compiling quote v0.6.3
[INFO] [stderr]    Compiling jh-ffi v0.0.2
[INFO] [stderr]    Compiling skein-ffi v0.0.1
[INFO] [stderr]    Compiling blake v2.0.0
[INFO] [stderr]     Checking crossbeam-deque v0.3.1
[INFO] [stderr]    Compiling syn v0.14.1
[INFO] [stderr]     Checking tokio-threadpool v0.1.3
[INFO] [stderr]     Checking tokio-reactor v0.1.1
[INFO] [stdout] error[E0554]: `#![feature]` may not be used on the beta release channel
[INFO] [stdout]  --> /opt/rustwide/cargo-home/registry/src/github.com-1ecc6299db9ec823/skein-ffi-0.0.1/src/lib.rs:2:1
[INFO] [stdout]   |
[INFO] [stdout] 2 | #![feature(libc)]
[INFO] [stdout]   | ^^^^^^^^^^^^^^^^^
[INFO] [stdout] 
[INFO] [stdout] 
[INFO] [stdout] error[E0658]: use of unstable library feature 'rustc_private': this crate is being loaded from the sysroot, an unstable location; did you mean to load this crate from crates.io via `Cargo.toml` instead?
[INFO] [stdout]  --> /opt/rustwide/cargo-home/registry/src/github.com-1ecc6299db9ec823/skein-ffi-0.0.1/src/lib.rs:4:1
[INFO] [stdout]   |
[INFO] [stdout] 4 | extern crate libc;
[INFO] [stdout]   | ^^^^^^^^^^^^^^^^^^
[INFO] [stdout]   |
[INFO] [stdout]   = note: see issue #27812 <https://github.com/rust-lang/rust/issues/27812> for more information
[INFO] [stdout] 
[INFO] [stdout] 
[INFO] [stdout] error[E0658]: use of unstable library feature 'rustc_private': this crate is being loaded from the sysroot, an unstable location; did you mean to load this crate from crates.io via `Cargo.toml` instead?
[INFO] [stdout]  --> /opt/rustwide/cargo-home/registry/src/github.com-1ecc6299db9ec823/skein-ffi-0.0.1/src/native.rs:2:12
[INFO] [stdout]   |
[INFO] [stdout] 2 | use libc::{c_int};
[INFO] [stdout]   |            ^^^^^
[INFO] [stdout]   |
[INFO] [stdout]   = note: see issue #27812 <https://github.com/rust-lang/rust/issues/27812> for more information
[INFO] [stdout] 
[INFO] [stdout] 
[INFO] [stdout] error[E0658]: use of unstable library feature 'rustc_private': this crate is being loaded from the sysroot, an unstable location; did you mean to load this crate from crates.io via `Cargo.toml` instead?
[INFO] [stdout]  --> /opt/rustwide/cargo-home/registry/src/github.com-1ecc6299db9ec823/skein-ffi-0.0.1/src/native.rs:5:35
[INFO] [stdout]   |
[INFO] [stdout] 5 |     pub fn skein_hash(hashbitlen: c_int, data: *const u8, databitlen: u64, hashval: *mut u8) -> c_int;
[INFO] [stdout]   |                                   ^^^^^
[INFO] [stdout]   |
[INFO] [stdout]   = note: see issue #27812 <https://github.com/rust-lang/rust/issues/27812> for more information
[INFO] [stdout] 
[INFO] [stdout] 
[INFO] [stdout] error[E0658]: use of unstable library feature 'rustc_private': this crate is being loaded from the sysroot, an unstable location; did you mean to load this crate from crates.io via `Cargo.toml` instead?
[INFO] [stdout]  --> /opt/rustwide/cargo-home/registry/src/github.com-1ecc6299db9ec823/skein-ffi-0.0.1/src/native.rs:5:97
[INFO] [stdout]   |
[INFO] [stdout] 5 |     pub fn skein_hash(hashbitlen: c_int, data: *const u8, databitlen: u64, hashval: *mut u8) -> c_int;
[INFO] [stdout]   |                                                                                                 ^^^^^
[INFO] [stdout]   |
[INFO] [stdout]   = note: see issue #27812 <https://github.com/rust-lang/rust/issues/27812> for more information
[INFO] [stdout] 
[INFO] [stdout] 
[INFO] [stdout] error[E0554]: `#![feature]` may not be used on the beta release channel
[INFO] [stdout]  --> /opt/rustwide/cargo-home/registry/src/github.com-1ecc6299db9ec823/jh-ffi-0.0.2/src/lib.rs:2:1
[INFO] [stdout]   |
[INFO] [stdout] 2 | #![feature(libc)]
[INFO] [stdout]   | ^^^^^^^^^^^^^^^^^
[INFO] [stdout] 
[INFO] [stdout] 
[INFO] [stdout] error[E0658]: use of unstable library feature 'rustc_private': this crate is being loaded from the sysroot, an unstable location; did you mean to load this crate from crates.io via `Cargo.toml` instead?
[INFO] [stdout]  --> /opt/rustwide/cargo-home/registry/src/github.com-1ecc6299db9ec823/jh-ffi-0.0.2/src/lib.rs:4:1
[INFO] [stdout]   |
[INFO] [stdout] 4 | extern crate libc;
[INFO] [stdout]   | ^^^^^^^^^^^^^^^^^^
[INFO] [stdout]   |
[INFO] [stdout]   = note: see issue #27812 <https://github.com/rust-lang/rust/issues/27812> for more information
[INFO] [stdout] 
[INFO] [stdout] 
[INFO] [stdout] error[E0658]: use of unstable library feature 'rustc_private': this crate is being loaded from the sysroot, an unstable location; did you mean to load this crate from crates.io via `Cargo.toml` instead?
[INFO] [stdout]  --> /opt/rustwide/cargo-home/registry/src/github.com-1ecc6299db9ec823/jh-ffi-0.0.2/src/native.rs:2:12
[INFO] [stdout]   |
[INFO] [stdout] 2 | use libc::{c_int};
[INFO] [stdout]   |            ^^^^^
[INFO] [stdout]   |
[INFO] [stdout]   = note: see issue #27812 <https://github.com/rust-lang/rust/issues/27812> for more information
[INFO] [stdout] 
[INFO] [stdout] 
[INFO] [stdout] error[E0658]: use of unstable library feature 'rustc_private': this crate is being loaded from the sysroot, an unstable location; did you mean to load this crate from crates.io via `Cargo.toml` instead?
[INFO] [stdout]  --> /opt/rustwide/cargo-home/registry/src/github.com-1ecc6299db9ec823/jh-ffi-0.0.2/src/native.rs:5:32
[INFO] [stdout]   |
[INFO] [stdout] 5 |     pub fn jh_hash(hashbitlen: c_int, data: *const u8, databitlen: u64, hashval: *mut u8) -> c_int;
[INFO] [stdout]   |                                ^^^^^
[INFO] [stdout]   |
[INFO] [stdout]   = note: see issue #27812 <https://github.com/rust-lang/rust/issues/27812> for more information
[INFO] [stdout] 
[INFO] [stdout] 
[INFO] [stdout] error[E0658]: use of unstable library feature 'rustc_private': this crate is being loaded from the sysroot, an unstable location; did you mean to load this crate from crates.io via `Cargo.toml` instead?
[INFO] [stdout]  --> /opt/rustwide/cargo-home/registry/src/github.com-1ecc6299db9ec823/jh-ffi-0.0.2/src/native.rs:5:94
[INFO] [stdout]   |
[INFO] [stdout] 5 |     pub fn jh_hash(hashbitlen: c_int, data: *const u8, databitlen: u64, hashval: *mut u8) -> c_int;
[INFO] [stdout]   |                                                                                              ^^^^^
[INFO] [stdout]   |
[INFO] [stdout]   = note: see issue #27812 <https://github.com/rust-lang/rust/issues/27812> for more information
[INFO] [stdout] 
[INFO] [stdout] 
[INFO] [stdout] error: aborting due to 5 previous errors
[INFO] [stdout] 
[INFO] [stdout] 
[INFO] [stdout] Some errors have detailed explanations: E0554, E0658.
[INFO] [stdout] 
[INFO] [stdout] For more information about an error, try `rustc --explain E0554`.
[INFO] [stdout] 
[INFO] [stderr]     Checking generic-array v0.8.3
[INFO] [stdout] error: aborting due to 5 previous errors
[INFO] [stdout] 
[INFO] [stdout] 
[INFO] [stdout] Some errors have detailed explanations: E0554, E0658.
[INFO] [stdout] 
[INFO] [stdout] For more information about an error, try `rustc --explain E0554`.
[INFO] [stdout] 
[INFO] [stderr] error: could not compile `skein-ffi`.
[INFO] [stderr] 
[INFO] [stderr] To learn more, run the command again with --verbose.
[INFO] [stderr] warning: build failed, waiting for other jobs to finish...
[INFO] [stderr] error: build failed
[INFO] running `Command { std: "docker" "inspect" "e8f261db068ad9da6708e0e24a340b2c2c3098f1cb417b6dc7e8129b07f6f254", kill_on_drop: false }`
[INFO] running `Command { std: "docker" "rm" "-f" "e8f261db068ad9da6708e0e24a340b2c2c3098f1cb417b6dc7e8129b07f6f254", kill_on_drop: false }`
[INFO] [stdout] e8f261db068ad9da6708e0e24a340b2c2c3098f1cb417b6dc7e8129b07f6f254
